6483 composite?
False
Let b(h) = -h**3 + 13*h**2 - 19*h + 2. Let a be b(10). Let o = 114 - a. Suppose o*x = -4, -4*c + 759 = -4*x - 3397. Is c composite?
True
Is (-388)/1358 + (-4985325)/(-7) prime?
False
Let r(z) = -1041*z + 7. Let a be (-13)/3 - 3/(-9). Let b be r(a). Suppose j + 5*l + b = 5*j, -3*j = -l - 3142. Is j composite?
False
Is 1*(-4)/(-14) + (-1448452808)/(-13384) composite?
False
Suppose 5365 = w + 4*w + 3*o, -3*w + 2*o + 3200 = 0. Let x = -159 + w. Let n = 1726 - x. Is n a composite number?
True
Let u(k) = -11*k**2 + 11*k - 47. Let j(a) = -4*a**2 + 4*a - 16. Let n(h) = 8*j(h) - 3*u(h). Let s = 661 + -676. Is n(s) a composite number?
True
Let l be (13/((-195)/12))/((-2)/(-295)). Suppose 227 = 5*d + 5*a + 1462, 10 = -5*a. Let z = l - d. Is z prime?
True
Let f(w) = 2147*w**2 - 52*w + 104. Is f(-7) prime?
False
Suppose p = -8 + 20. Let b(l) = 128*l + 3*l**2 + p*l**2 - 130*l + 1. Is b(-4) prime?
False
Let m(d) = 11*d**3 + 10*d**2 + 1. Is m(16) composite?
True
Suppose 0 = 5*f + 5*p - 420865, -2*f + 136248 = 3*p - 32093. Is f a prime number?
False
Let w(j) = 40983*j**2 + 19*j - 3. Is w(-1) a composite number?
False
Let j(v) be the third derivative of -53*v**6/720 - 3*v**5/40 + 7*v**4/24 - 23*v**2. Let h(c) be the second derivative of j(c). Is h(-4) a composite number?
True
Let n(i) = -i**3 - 4*i**2 - i + 21211. Let u be (0/(-1))/(58/29). Is n(u) a prime number?
True
Let a be -6*1/(-2) + 42544/16. Let n(c) = -c + 1443. Let y be n(0). Let h = y + a. Is h prime?
False
Is (4/(-54))/1 + (219919836/(-81))/(-23) composite?
True
Let f(j) = 110*j**2 - 15*j - 73. Let o = -541 + 535. Is f(o) a composite number?
True
Is 13265412/120 + (21/(-10) - -2) a composite number?
True
Let p = -543 - -546. Suppose -5811 = -x - 5*s, -3*x + 23152 = x - p*s. Is x a composite number?
False
Suppose 4*h + 67 = l + 23, -h = -4*l + 236. Let a = -63 + l. Is 5/((2/318)/((-1)/a)) a prime number?
False
Let n(t) = t**2 - 12*t - 8. Suppose 0 = -f + 5*i + 28, -22 = -3*f - 2*i + 11. Let q be n(f). Suppose h = q*h - 2612. Is h composite?
False
Let z(k) = 18748*k - 2183. Is z(25) prime?
True
Suppose -4*g + 3*r = -50849, 3*g - 38136 = 35*r - 32*r. Is g a composite number?
False
Let u(g) = -151*g**3 - g**2. Let z be u(-1). Suppose 9*t = -4*t. Suppose t = -m + z - 11. Is m a composite number?
False
Let c = 3866 + -5778. Let l = c - -720. Let n = 1893 + l. Is n a prime number?
True
Let k be -26 - ((-12)/18*15 + 5). Let r(f) = 43*f**2 + 28*f - 74. Is r(k) composite?
False
Let g(a) = -795876*a - 581. Is g(-1) composite?
True
Let f be (2 - 2645/(-10)) + 2/(-4). Suppose 0 = 6*i - 64 - f. Is i a composite number?
True
Let i(t) = -62*t**3 - 3*t**2 - 5*t - 5. Let u be i(-2). Let y = u - 278. Is y a prime number?
True
Let w(i) = 21*i**3 - 6*i**2 + 255*i + 67. Is w(30) prime?
False
Suppose 8*t = 59370 + 76718. Is t composite?
False
Suppose -162*p = -33000 - 11383 + 8095. Let c(j) = -49*j**3 - 2*j**2 + 3*j - 3. Let m be c(-3). Let s = m - p. Is s a prime number?
True
Let z(i) = 631*i**2 - 44*i + 24. Let p be z(-8). Suppose 19*x - 40883 = p. Is x prime?
True
Let d be ((-33)/15 - (-1)/5) + 79. Suppose 0 = -j + 878 - d. Suppose 0 = -4*z - j + 4141. Is z prime?
False
Suppose -l + 3*l = -3*o - 10604, -3*o + 4*l = 10634. Let m = 7049 + o. Is m a prime number?
True
Let x = 196369 + -77636. Is x prime?
False
Let s(m) = 42*m**2 + 78*m + 1139. Is s(-78) prime?
True
Suppose 82*f - 79*f + 39966 = 0. Let u = f - -28833. Is u prime?
True
Let j be 236/(-30) + 8 + 1504738/15. Is j/(-31)*2/(-8) a composite number?
False
Let y = -310 - 871. Is (-4 + -1)*-1 + -5 - y composite?
False
Is (-6)/18*(-36)/15 + 25376283/15 prime?
False
Let y(g) = 3554*g + 67. Let r be y(7). Suppose 3*d - r = 2*j - j, -5*j = 4*d - 33260. Is d a prime number?
False
Let b be ((-4)/(-3))/(-1 - (-5)/6). Let y be -1 - (b - -3) - -375. Is y*2/4*2 composite?
False
Let b(x) = -7*x - 1642. Let w be b(0). Let n = w - -6701. Is n a prime number?
True
Let z(p) = p**2 + 18*p + 19. Let q be z(-17). Suppose 4*m - m - q*a = -34, a - 2 = 0. Is (m/(-5))/((-2)/(-998)) composite?
True
Suppose -8*x - 11015 - 12929 = 0. Let g = 1590 - x. Is g prime?
True
Suppose -6*v = c - 4*v - 16057, 48198 = 3*c - 3*v. Let f = c + -9516. Is f composite?
False
Suppose 29*k - 32*k = -3393. Is 4 + (k/(-52))/((-2)/712) prime?
False
Let h be (-17)/17 - (-1 - 5). Let f be 9*(125/15)/h. Is (-12494)/(-8) - f/20 prime?
False
Let i = -110578 + 167309. Is i a prime number?
True
Is 32236/6 + (126/(-27) - -6) prime?
False
Suppose 2*n + 5*z - 283 = 0, 0*z + 541 = 4*n + 5*z. Suppose 3*r + 112 = 10*r. Let h = n - r. Is h a prime number?
True
Suppose -152*k + 4301713 + 48623081 = -14*k. Is k a composite number?
True
Suppose 70*r + 109*r - 3378983 = 0. Is r prime?
False
Is (12/24)/((6/71132)/3) composite?
False
Let k(q) = -7*q - 57. Let h be k(-11). Is h/(-2 + -3) - -978 prime?
False
Is 438/18*((-12582)/(-2) - -3)/2 a composite number?
True
Is -4 + 1 + 639961 - (-11)/11 composite?
False
Suppose -44 = -4*u - 4*q, 15*u + 4 = 19*u - 4*q. Suppose u*a - 13754 = 62152. Is a composite?
True
Let r(p) = -7*p. Let w be r(-3). Is (17276/w + -7)/((-1)/(-3)) composite?
False
Suppose 0 = -2*q + 1341 - 125. Let c = q + -357. Is c prime?
True
Let b(u) = -u. Let y(v) = 17*v + 57. Let l(i) = -6*b(i) + y(i). Is l(28) composite?
False
Let t(m) = 466*m**3 - m**2 + 19*m + 17. Is t(5) composite?
False
Let u be ((-3)/(-7) - 0) + (-168545)/455. Let w = 2713 - u. Is w a prime number?
True
Suppose 44*r - 2166348 = 10*r + 494458. Is r a composite number?
False
Let v(a) = -a**3 - 22*a**2 + 33*a - 19. Let b(s) = s**3 + 21*s**2 - 32*s + 19. Let n(k) = 5*b(k) + 4*v(k). Is n(-18) a composite number?
False
Let t = -30 - -36. Suppose -31*s = -t*s - 66325. Is s a prime number?
False
Suppose 0 = 3*v - 2*l - 1767997, -2*l - 1051511 - 1305817 = -4*v. Is v a composite number?
False
Let n(v) = 102*v**2 - 56*v - 47. Is n(-30) prime?
False
Let f(s) = 2*s**3 - 38*s**2 + 101*s - 179. Is f(36) a composite number?
False
Let x(o) = -o**3 - 6*o**2 - 7*o. Let h be x(-5). Let n be 8/h - (-16)/(-20) - -4. Suppose 5679 = n*j - j. Is j composite?
True
Let w(v) = v**2 + 425*v + 13751. Is w(0) prime?
True
Is 7/((-91)/(-3379155)) - -14 composite?
False
Let y = 91389 + -46580. Is y prime?
True
Suppose 2*y - 33199 = 5*u - 0*y, 2*u + 5*y = -13268. Let d = -2740 - u. Is d composite?
True
Is (-15)/(-10) + 0 - (-48963397)/58 composite?
True
Let l(v) = 29 + 12 - 12 - 30*v**2 - 23*v + 6*v + 35*v**2. Let u(h) = -h**3 + h**2 + 3*h - 3. Let w be u(3). Is l(w) composite?
False
Let h = -1910 - -4797. Let f = h + -1238. Is f a composite number?
True
Let l(u) = 8*u - 4. Let o(k) = -9*k + 4. Let m(q) = 6*l(q) + 5*o(q). Let f be m(2). Suppose -f*b - 3*b = -4535. Is b prime?
True
Let f = 58 + -59. Is 6 + (-643)/(-2 - f) a prime number?
False
Let h = -201 + 206. Suppose -2*o + 61*t = 63*t - 15222, -o - h*t = -7603. Is o a composite number?
True
Suppose -3*y + 11*y + 248 = 0. Let b be -2 - (-2 - -1 - 28). Let f = b - y. Is f composite?
True
Suppose -2*v - 15216 = -2*z, 3*v = z - 7435 - 171. Suppose 5*s + 9 = -6, 5*b + 2*s = z. Is b a composite number?
False
Is -24 + 3 + 26 + 4804/2 a composite number?
True
Suppose 2*j - 2*f - 138206 = 172734, 0 = -4*j - 2*f + 621874. Suppose 12*x - j + 19833 = 0. Is x composite?
True
Suppose -19*z - r = -18*z - 590, 0 = -5*z - r + 2930. Let y = 734 + z. Is y a prime number?
True
Suppose -y = -2*f - 23, -8*f + 4*f - 21 = -y. Suppose -7*b = y*b - 14048. Is b prime?
True
Let i = 498 - 502. Is 2 + 25/(-20) - 4993/i composite?
False
Let j(s) = 9*s**2 + 9. Let g be j(-5). Let a = g - 73. Is a composite?
True
Let i(k) = -k**3 + 4*k**2 + 688*k + 216. Is i(-89) a prime number?
False
Let o(h) = h + 34. Let v be o(-23). Let f be 1/(v/24) + 66/(-363). Suppose -f*i + 24 + 292 = 0. Is i a prime number?
False
Let r(m) = 6*m**2 + 9*m + 11. Let n(t) = -13*t**2 - 19*t - 22. Let p = 54 - 52. Let l(y) = p*n(y) + 5*r(y). Is l(-8) composite?
False
Let l(b) = -b**3 - 9*b**2 + 8*b - 25. Let s be l(-9). Let f = s - -97. Suppose f = -c - 2*w + 699, w = -3*w - 4. Is c a prime number?
True
Let v = -96628 - -254915. Is v a prime number?
False
Let x = 143650 - 101497. Is x a composite number?
True
Let v be (4 - 2) + (0 - -2). Let x(p) = -66*p - 2 + v + 2